933 is divided by 88.
5
What is the remainder when 702791 is divided by 234257?
20
Calculate the remainder when 33486 is divided by 197.
193
Calculate the remainder when 163382 is divided by 33.
32
Calculate the remainder when 27721 is divided by 6595.
1341
What is the remainder when 1031 is divided by 176?
151
Calculate the remainder when 969 is divided by 923.
46
Calculate the remainder when 6088 is divided by 1515.
28
What is the remainder when 9819 is divided by 1962?
9
What is the remainder when 2087863 is divided by 1354?
1349
What is the remainder when 20811 is divided by 1295?
91
What is the remainder when 1299 is divided by 34?
7
Calculate the remainder when 15841 is divided by 27.
19
What is the remainder when 14087 is divided by 227?
13
What is the remainder when 15274 is divided by 413?
406
What is the remainder when 23986 is divided by 358?
0
What is the remainder when 95601 is divided by 172?
141
Calculate the remainder when 5208 is divided by 84.
0
Calculate the remainder when 616 is divided by 58.
36
What is the remainder when 2316 is divided by 602?
510
What is the remainder when 399453 is divided by 67?
66
Calculate the remainder when 57032 is divided by 85.
82
Calculate the remainder when 25359 is divided by 169.
9
What is the remainder when 15869 is divided by 5206?
251
What is the remainder when 30066 is divided by 337?
73
What is the remainder when 19512 is divided by 28?
24
What is the remainder when 913082 is divided by 914?
910
What is the remainder when 96871 is divided by 7450?
21
Calculate the remainder when 11264 is divided by 5577.
110
What is the remainder when 290008 is divided by 42?
40
Calculate the remainder when 346491 is divided by 275.
266
What is the remainder when 12173 is divided by 95?
13
Calculate the remainder when 6652 is divided by 1304.
132
Calculate the remainder when 33671 is divided by 201.
104
Calculate the remainder when 43727 is divided by 28.
19
What is the remainder when 470 is divided by 140?
50
Calculate the remainder when 115642 is divided by 2267.
25
What is the remainder when 97073 is divided by 32173?
554
Calculate the remainder when 351749 is divided by 13.
8
Calculate the remainder when 124698 is divided by 6563.
1
Calculate the remainder when 2137 is divided by 650.
187
Calculate the remainder when 11803 is divided by 2265.
478
Calculate the remainder when 7727 is divided by 827.
284
Calculate the remainder when 46613 is divided by 2589.
11
What is the remainder when 18153 is divided by 5716?
1005
What is the remainder when 12895 is divided by 6437?
21
What is the remainder when 929 is divided by 39?
32
What is the remainder when 5751 is divided by 479?
3
What is the remainder when 19981 is divided by 25?
6
Calculate the remainder when 75306 is divided by 2896.
10
What is the remainder when 2695 is divided by 271?
256
What is the remainder when 145672 is divided by 209?
208
Calculate the remainder when 193097 is divided by 293.
10
Calculate the remainder when 5514 is divided by 74.
38
Calculate the remainder when 842402 is divided by 57.
56
Calculate the remainder when 1310 is divided by 440.
430
What is the remainder when 66397 is divided by 1144?
45
What is the remainder when 1934 is divided by 77?
9
Calculate the remainder when 6350 is divided by 861.
323
Calculate the remainder when 328909 is divided by 337.
334
What is the remainder when 161509 is divided by 1036?
929
What is the remainder when 29476 is divided by 73?
57
What is the remainder when 1806486 is divided by 27?
24
What is the remainder when 12877 is divided by 263?
253
Calculate the remainder when 75413 is divided by 103.
17
Calculate the remainder when 12702 is divided by 266.
200
Calculate the remainder when 26881 is divided by 26.
23
Calculate the remainder when 3606 is divided by 86.
80
What is the remainder when 550 is divided by 41?
17
Calculate the remainder when 5319 is divided by 735.
174
Calculate the remainder when 11683 is divided by 292.
3
Calculate the remainder when 44453 is divided by 14778.
119
What is the remainder when 18472 is divided by 84?
76
Calculate the remainder when 15050 is divided by 138.
8
What is the remainder when 32937 is divided by 16462?
13
Calculate the remainder when 63313 is divided by 1978.
17
Calculate the remainder when 4908 is divided by 1579.
171
Calculate the remainder when 21807 is divided by 7266.
9
Calculate the remainder when 1117 is divided by 99.
28
Calculate the remainder when 13592 is divided by 132.
128
What is the remainder when 7085 is divided by 127?
100
Calculate the remainder when 7534 is divided by 1241.
88
What is the remainder when 185602 is divided by 175?
102
What is the remainder when 466 is divided by 272?
194
What is the remainder when 2621215 is divided by 2407?
2399
Calculate the remainder when 14064 is divided by 64.
48
What is the remainder when 14108 is divided by 18?
14
Calculate the remainder when 359267 is divided by 91.
90
Calculate the remainder when 3279240 is divided by 23.
15
Calculate the remainder when 12197 is divided by 165.
152
What is the remainder when 7792 is divided by 35?
22
What is the remainder when 29226 is divided by 88?
10
Calculate the remainder when 1761 is divided by 221.
214
Calculate the remainder when 117951 is divided by 155.
151
Calculate the remainder when 597962 is divided by 1064.
1058
Calculate the remainder when 29275 is divided by 286.
103
Calculate the remainder when 7674 is divided by 145.
134
Calculate the remainder when 63996 is divided by 21305.
81
What is the remainder when 10677 is divided by 669?
642
What is the remainder when 71309 is divided by 870?
839
What is the remainder when 246984 is divided by 573?
21
Calculate the remainder when 305548 is divided by 96.
76
Calculate the remainder when 689 is divided by 17.
9
Calculate the remainder when 306525 is divided by 302.
297
Calculate the remainder when 991 is divided by 15.
1
What is the remainder when 4374 is divided by 154?
62
Calculate the remainder when 42651 is divided by 3877.
4
What is the remainder when 5652 is divided by 126?
108
What is the remainder when 15112 is divided by 7513?
86
Calculate the remainder when 68897 is divided by 1168.
1153
Calculate the remainder when 25669 is divided by 10.
9
What is the remainder when 399 is divided by 16?
15
What is the remainder when 3385 is divided by 835?
45
Calculate the remainder when 1032 is divided by 418.
196
Calculate the remainder when 87620 is divided by 122.
24
What is the remainder when 49575 is divided by 43?
39
What is the remainder when 4372 is divided by 360?
52
What is the remainder when 4734 is divided by 395?
389
What is the remainder when 10438 is divided by 3231?
745
Calculate the remainder when 20442 is divided by 12.
6
Calculate the remainder when 5588 is divided by 81.
80
Calculate the remainder when 13680 is divided by 13020.
660
What is the remainder when 6507 is divided by 337?
104
What is the remainder when 61063 is divided by 45?
43
What is the remainder when 1038 is divided by 125?
38
Calculate the remainder when 10636 is divided by 1769.
22
What is the remainder when 5745917 is divided by 335?
332
What is the remainder when 80622 is divided by 46?
30
What is the remainder when 28882 is divided by 9501?
379
What is the remainder when 5384 is divided by 10?
4
Calculate the remainder when 179289 is divided by 36.
9
Calculate the remainder when 225798 is divided by 112885.
28
Calculate the remainder when 14363 is divided by 266.
265
What is the remainder when 89447 is divided by 8?
7
Calculate the remainder when 80380 is divided by 222.
16
What is the remainder when 30957 is divided by 4421?
10
What is the remainder when 38323 is divided by 12752?
67
Calculate the remainder when 36380 is divided by 11890.
710
What is the remainder when 83567 is divided by 20889?
11
What is the remainder when 3202 is divided by 98?
66
What is the remainder when 194958 is divided by 8?
6
What is the remainder when 6676 is divided by 416?
20
What is the remainder when 43645 is divided by 18?
13
Calculate the remainder when 334797 is divided by 27.
24
Calculate the remainder when 138755 is divided by 301.
295
What is the remainder when 663 is divided by 186?
105
Calculate the remainder w